 -3*u**2 + 6*u - 42. Let l(t) = -2*t**2 + 2*t - 22. Let q(j) = 3*b(j) - 5*l(j). Give q(2).
4
Let z(f) = 0*f**3 + 4 - 209*f**2 + 107*f**2 + 6*f + 99*f**2 - f**3. What is z(-4)?
-4
Let m(g) = -g**3 - 8*g**2 + g - 1. Suppose -12 = -4*f, 3*d + 10 = -5*f + 1. Give m(d).
-9
Let q = -2 - -5. Suppose -11 = -q*f - 5. Let x(w) = -4 - 4*w**f - 4*w - w**2 + 0 + 4*w**2. Determine x(-3).
-1
Let r(q) = -7*q - 275. Let d be r(-38). Let u(v) = v**2 + 12*v - 6. What is u(d)?
-33
Let a(f) be the first derivative of f**4/4 + 7*f**3/3 + f**2/2 + 6*f - 92. Determine a(-7).
-1
Let p(h) = 2*h - 6. Let s(g) = 1. Let b(j) = p(j) + 3*s(j). Let c(f) = -3*f**3 + 27*f**2 + 25*f - 2. Let m be c(-1). Give b(m).
3
Let y(v) = -v + 7. Let m be y(5). Let t(a) = -9 - m*a - 2*a**2 + 2*a**3 + 8 + 2*a. Determine t(2).
7
Suppose 24 = -y - y. Let j = y + 9. Let x be (15/10)/(j/6). Let p(c) = -c**3 - 3*c**2 - c + 3. Calculate p(x).
6
Suppose 10*m - 154 = -m. Suppose i - 1 = 4*n, -5*i + i - 2*n = m. Let x(f) = -f + 2. What is x(i)?
5
Let l(k) = 3*k**2 - 6 + 7*k + 15*k**3 - 5*k**3 - 11*k**3. Let y(c) = -c**2 + 7*c - 2. Let d be y(6). Determine l(d).
6
Suppose 0 = -11*a + 5*a - 36. Let i(v) = -2*v**2 + 3*v - 3. Let w(r) = 3*r**2 - 7*r + 7. Let s(z) = 5*i(z) + 3*w(z). Calculate s(a).
6
Let q(n) = 7 - 2*n + n**2 - 2*n - 3*n + 4*n. What is q(5)?
17
Let i(u) be the first derivative of -u**3/3 + 2*u**2 + 8*u + 86. Determine i(-6).
-52
Let r(v) = -2*v + 152 - 12*v**2 - 74 - 79. Give r(-1).
-11
Let t(s) = -s**3 - 2*s**2 + 6*s + 3. Suppose 0 = -18*f - 41 - 31. Give t(f).
11
Let v(f) = f + 2. Let j(y) = -y**3 + 8*y**2 + 4*y - 6. Let m be j(6). Let w = 94 - m. Give v(w).
6
Let f(h) = -13*h**2 - 4*h + 21. Let a be (-1 - 0/(-5))*9. Let k(c) = -3*c**2 - c + 5. Let p(q) = a*k(q) + 2*f(q). Determine p(-5).
17
Suppose -10*w + 4*w = 18. Let y be (0 - w/(-9))/(1/9). Let f(p) be the third derivative of p**6/120 + p**5/30 - p**4/12 + p**3/2 - p**2. Calculate f(y).
0
Let i = 29 - 27. Let y(f) = -f**3 - 9*f - 2 - 12*f**i + 4*f**2 + f + 0. What is y(-7)?
5
Let g(i) = i**2 - 4*i + 6. Suppose 2*s = -5*b + 63, -2*s + b = 2*s - 71. Let w = 11 - s. Let y = -4 - w. Calculate g(y).
6
Let m(f) = -2*f + 1. Let a(j) = 18*j - 4. Let u(q) = -a(q) - 5*m(q). Let i be (8/(-12))/((-4)/6). Calculate u(i).
-9
Let a be (9 - 4)/(-5) + (1 - -2). Let b be 5 + -3 - (a + -1). Let d(h) be the third derivative of h**5/60 - h**4/8 + h**3/6 + h**2. What is d(b)?
-1
Let n = 22 + -21. Let h(f) be the third derivative of -7*f**5/60 + f**4/24 - f**3/6 - 14*f**2 + 2. Calculate h(n).
-7
Let j be (-8 + 7)/(2/6). Let c = 4 + j. Let l(w) = -6 - 9*w**2 - 1 - 7 + 13 + w. Give l(c).
-9
Suppose -2*s - 3*s + 3*a + 47 = 0, 0 = -2*s + 3*a + 26. Let w = s - 12. Let j(q) be the third derivative of -q**4/24 - 5*q**3/6 + 23*q**2. Determine j(w).
0
Let p(j) = 4*j + 97. Let c be p(-24). Let r(t) = -t**3 - 2*t**2 - 2*t - 2. Let d be r(-2). Let m(z) = d*z - z + 2 - 1. Calculate m(c).
2
Let f be (-5 - 11/(-2))*46. Suppose -f - 37 = 12*o. Let d(n) be the third derivative of -n**6/120 - n**5/10 - n**4/12 + n**3 + n**2. What is d(o)?
-9
Let r(u) = -9*u**2 + 11 + 20*u - u**3 - 3 - 9*u. Determine r(-10).
-2
Suppose -d + 14 = -4*u, -5*u - 5 = 4*d + 2. Suppose 4*s = d*f - 4, 4 = -f - 2*s + s. Let o(m) = -4*m**2 - 2*m. Determine o(f).
-12
Let h(i) = -i**2 - 7. Let k = 655 + -655. What is h(k)?
-7
Let b(i) = 2*i. Let u(a) = 14*a - 28. Let d be u(2). Give b(d).
0
Let v(z) = -z**2 + 11*z**2 - 4*z**2 + 8*z**3 - 7*z**2. Give v(1).
7
Let w(z) = -23*z**2 + 11*z + 6. Let h(n) = -n**2 + 4*n + 11. Let i be h(5). Let a(x) = -4*x**2 + 2*x + 1. Let q(f) = i*w(f) - 34*a(f). Calculate q(-2).
-2
Suppose 27*l - v = 32*l + 63, -v - 39 = 3*l. Let q(g) = 2*g + 23. Determine q(l).
-1
Let i = 284 + -279. Let a(o) = -4*o + 12. Determine a(i).
-8
Let s(w) be the first derivative of -w**2 + 2*w**3 + 1/4*w**4 - 6*w + 6. Determine s(-6).
6
Let h(f) = -2*f + 3. Let v be h(0). Let t(x) = -4 + 3*x**3 + 4*x**2 - x**2 + x**2 + v*x - 2*x**3. Calculate t(-3).
-4
Let a be -6 + 8/(-2) - -3. Let m(r) be the third derivative of r**4/12 + r**3 + 20*r**2. What is m(a)?
-8
Let b(j) = -11*j**2 + 18*j - 8. Let h(q) = -4*q**2 + 6*q - 3. Let s(u) = -3*b(u) + 8*h(u). What is s(7)?
7
Let r be 16/48 - (2 - 23/3). Let g(z) = -2*z**2 + r + 3*z**2 - 3 + 2*z - 5*z. Give g(3).
3
Let z(x) = -10*x**2 + 20*x - 30. Let u = 6 - 13. Let t(j) = -7*j**2 + 13*j - 20. Let w(v) = u*t(v) + 5*z(v). Let g(s) = 2*s + 31. Let c be g(-12). What is w(c)?
4
Let j(c) be the third derivative of -c**4/24 - c**3 + c**2. Suppose 5*f + 39 = -2*g, 3*f + 20 = 5. Let t be j(g). Let k(i) = 4*i**3 + 2*i - 1. What is k(t)?
5
Let v(u) = -3*u. Let c be v(-1). Suppose 0 = 3*g + 2*h + 129, h = -2*g - c*h - 86. Let i = g - -33. Let w(s) = -s**3 - 10*s**2 + s + 9. What is w(i)?
-1
Let g be (4*-1 - 1) + 3. Let f(i) be the second derivative of -i**3/2 - i**2/2 + 148*i. Calculate f(g).
5
Let b = 14 - 4. Let d(u) = -u**3 + 11*u**2 - 10*u + 11. Let p be d(b). Suppose -3*o - p + 20 = 0. Let t(q) = -q**3 + 2*q**2 - 3. Give t(o).
-12
Let s(o) = -5*o**3 + 13*o**2 + 38. Let m(x) = 3*x**3 - 6*x**2 - 20. Let j(b) = 7*m(b) + 4*s(b). What is j(-10)?
12
Let r(n) be the first derivative of n**5/20 + 5*n**4/12 - n**3 + n**2/2 + 18*n + 13. Let w(u) be the first derivative of r(u). Give w(-6).
1
Let v = 4 - 2. Let i(u) = 0*u + u**v - 4 + 7*u + 1. Suppose 77*z = 60*z - 68. Determine i(z).
-15
Let p(w) = -16*w - 12. Let a be p(4). Let m be ((-30)/4)/((-57)/a). Let j = m - -6. Let y(v) = 3*v - 4. Calculate y(j).
-16
Suppose 3*g + 41 - 40 = -v, -v = -2*g + 21. Let j(n) = -n**3 - 14*n**2 - 11*n + 15. Calculate j(v).
-11
Let i = -6 + 3. Let k(u) = 7 + 0 - 5 - u - 3. Determine k(i).
2
Let f(k) = k - 10. Let j(y) = 5. Let c(d) = -3*f(d) - 7*j(d). Give c(0).
-5
Let h(a) be the second derivative of -a**4/12 + 3*a**3/2 - 6*a**2 + 2*a - 36. What is h(6)?
6
Suppose 5*q = 43*b - 48*b - 15, -4*b + q = -13. Let t(f) = -3*f**2 + 6*f - 6. Calculate t(b).
-6
Let k(i) be the first derivative of i**3/3 + 2*i**2 - i + 1. Let y be (10*6/15)/((-1)/5). Let s be 2/6 - y/(-6). Determine k(s).
-4
Let w(z) be the second derivative of z**4/6 - z**3 + 19*z**2 + 24*z. Let k(v) be the first derivative of w(v). Determine k(-5).
-26
Let v(p) = -5*p**2 + 7*p + 6. Let n(i) = 9*i**2 - 13*i - 11. Let o(f) = 4*n(f) + 7*v(f). Calculate o(5).
8
Let h(c) = 3*c**2 - 1. Let m = -18 - -20. Determine h(m).
11
Let n(k) = 2*k - 1. Let r = 19 - 10. Give n(r).
17
Let z = 45 + -33. Suppose -2*s - z = -5*s. Let m(f) = -f - 6. Let q(a) = a + 1. Let u(p) = m(p) + 4*q(p). Determine u(s).
10
Let s(j) = j**3 + 7*j**2 + 8*j + 7. Let v = 473 + -478. Determine s(v).
17
Let w(s) = s**3 - 6*s**2 - 2*s + 24. Let j be w(7). Let t = j + -64. Let f(g) = 3*g + 6. Give f(t).
-9
Let d = -10 + 16. Suppose 0 = -4*a + 16, -d*a = -4*t - 2*a. Let k be (-1)/((4 + -2)/t). Let r(b) = 4*b + 3. Give r(k).
-5
Let r = -1720 + 1725. Let a(g) be the third derivative of -g**6/120 + g**5/12 - g**4/8 + 2*g**3/3 - g**2. Give a(r).
-11
Let z(o) = -4 + 3*o - 4*o**2 + 2*o**2 + 4*o. Let p be 110/4*(-1 - 18/(-10)). Suppose -2*f - 19 = -5*h - f, -p = -5*h - 2*f. Determine z(h).
-8
Let f = 150 - 153. Let u(a) = a**3 + 3*a**2 - a + 2. Calculate u(f).
5
Let d(l) = 13*l**2 + 2*l - 7*l + 3*l + 6 - 3 - 4. Determine d(-2).
55
Let n(m) be the second derivative of m**5/20 + m**4/3 - m**3 - 3*m**2 - m. Let o be (-5)/(((-30)/(-115))/(-6)). Let z = o - 120. Calculate n(z).
-1
Let s(x) be the first derivative of -x**3/3 - 15*x**2/2 + 42*x + 258. Calculate s(-17).
8
Let j(z) = 2*z**2 + 0*z**2 - 2*z - 2*z**3 + 3 + z**3. Let q = 27 - 25. Calculate j(q).
-1
Let f(s) = -s**2 - 15*s + 12. Let q be -1 - -1 - 736/46. Calculate f(q).
-4
Let f(t) = 2*t**3 + 2*t**2 + 5*t + 11. Let c be (-2)/3*(-12)/(-4). Let h be f(c). Let v(o) = o - 4. Determine v(h).
-11
Let a(z) = -z**2 - 2*z + 14. Suppose 0 = -8*x - 169 + 121. Give a(x).
-10
Let t be (-7)/3 - (-44)/6. Let q(f) be the third derivative of -1/60*f**t + 0 + 0*f - f**3 + 7*f**2 - 1/4*f**4. Determine q(-6).
-6
Let a(j) = -j**2. Let t(g) = -2*g**2 + 23*g + 4. Let k(y) = 3*y**2 - 34*y - 6. Let s(q) = 5*k(q) + 7*t(q). Let w(i) = 2*a(i) + s(i). Give w(-6).
16
Let x(i) = -i - 7. Let l be 120/24*(1 - (1 + -1)). Let m be (-4 + 1 - 2) + l. Give x(m